{"id":1348,"date":"2013-01-06T12:46:48","date_gmt":"2013-01-06T12:46:48","guid":{"rendered":"http:\/\/inovado2.mintithemes.com\/?page_id=23"},"modified":"2015-01-28T14:36:18","modified_gmt":"2015-01-28T12:36:18","slug":"contact","status":"publish","type":"page","link":"http:\/\/turbobalansmakinesi.com\/?page_id=1348","title":{"rendered":"\u0130leti\u015fim"},"content":{"rendered":"<p><img loading=\"lazy\" class=\"alignnone size-full wp-image-2538\" src=\"http:\/\/turbobalansmakinesi.com\/wp-content\/uploads\/2013\/01\/Untitled-1sdsd1.jpg\" alt=\"Untitled-1sdsd1\" width=\"900\" height=\"512\" srcset=\"http:\/\/turbobalansmakinesi.com\/wp-content\/uploads\/2013\/01\/Untitled-1sdsd1.jpg 900w, http:\/\/turbobalansmakinesi.com\/wp-content\/uploads\/2013\/01\/Untitled-1sdsd1-300x170.jpg 300w\" sizes=\"(max-width: 900px) 100vw, 900px\" \/><\/p>\n<div class=\"gap\" style=\"height: 40px;\"><\/div>\n<div class=\"two_third\">\n<h3 class=\"title\"><span>\u0130leti\u015fim Formu<\/span><\/h3>\n<p>Kargo g\u00f6nderilerinizi anla\u015fmal\u0131 oldu\u011fumuz Aras Kargo ve Mng Kargo arac\u0131l\u0131\u011f\u0131 ile veya u\u00e7ak ve otob\u00fcs ile ula\u015ft\u0131rabilirsiniz.<br \/>\n<div class=\"wpcf7\" id=\"wpcf7-f327-o1\" dir=\"ltr\">\n<div class=\"screen-reader-response\"><\/div>\n<form name=\"\" action=\"\/index.php?rest_route=%2Fwp%2Fv2%2Fpages%2F1348#wpcf7-f327-o1\" method=\"post\" class=\"wpcf7-form\" novalidate=\"novalidate\">\n<div style=\"display: none;\">\n<input type=\"hidden\" name=\"_wpcf7\" value=\"327\" \/>\n<input type=\"hidden\" name=\"_wpcf7_version\" value=\"4.1\" \/>\n<input type=\"hidden\" name=\"_wpcf7_locale\" value=\"\" \/>\n<input type=\"hidden\" name=\"_wpcf7_unit_tag\" value=\"wpcf7-f327-o1\" \/>\n<input type=\"hidden\" name=\"_wpnonce\" value=\"69ce9385e4\" \/>\n<\/div>\n<p>Ad Soyad (zorunlu)<br \/>\n    <span class=\"wpcf7-form-control-wrap Ad\"><input type=\"text\" name=\"Ad\" value=\"\" size=\"40\" class=\"wpcf7-form-control wpcf7-text wpcf7-validates-as-required\" aria-required=\"true\" aria-invalid=\"false\" \/><\/span> <\/p>\n<p> Email (zorunlu)<br \/>\n    <span class=\"wpcf7-form-control-wrap email\"><input type=\"email\" name=\"email\" value=\"\" size=\"40\" class=\"wpcf7-form-control wpcf7-text wpcf7-email wpcf7-validates-as-required wpcf7-validates-as-email\" aria-required=\"true\" aria-invalid=\"false\" \/><\/span> <\/p>\n<p>Konu<br \/>\n    <span class=\"wpcf7-form-control-wrap your-subject\"><input type=\"text\" name=\"your-subject\" value=\"\" size=\"40\" class=\"wpcf7-form-control wpcf7-text\" aria-invalid=\"false\" \/><\/span> <\/p>\n<p>Mesaj\u0131n\u0131z<br \/>\n    <span class=\"wpcf7-form-control-wrap your-message\"><textarea name=\"your-message\" cols=\"40\" rows=\"10\" class=\"wpcf7-form-control wpcf7-textarea\" aria-invalid=\"false\"><\/textarea><\/span> <\/p>\n<p><input type=\"submit\" value=\"G\u00f6nder\" class=\"wpcf7-form-control wpcf7-submit\" \/><\/p>\n<div class=\"wpcf7-response-output wpcf7-display-none\"><\/div><\/form><\/div><\/p><\/div>\n<div class=\"one_third last\">\n<h3 class=\"title\"><span>Adres:<\/span><\/h3>\n<h3>\u00a02823 Sokak No:1\/1 1. Sanayi Sitesi \u00a0Konak \/ \u0130ZM\u0130R<\/h3>\n<h3>Telefon: 0232 469 85 98<\/h3>\n<h3><strong>www.egeturbo.com<\/strong><\/h3>\n<h3><strong>www.facebook.com\/egeturbo<\/strong><\/h3>\n<h3><a href=\"mailto:info@egeturbo.com\"><strong>info@egeturbo.com<\/strong><\/a><\/h3>\n<div class=\"gap\" style=\"height: 20px;\"><\/div>\n<h3 class=\"title\"><span>\u00c7al\u0131\u015fma Saatlerimiz<\/span><\/h3>\n<p><i class=\"icon-time\"><\/i><strong>Hafta i\u00e7i: 08.00 \u2013 19.00<\/strong><\/p>\n<p><i class=\"icon-time\"><\/i><strong>Cumartesi: 08.00 \u2013 16.00<\/strong><\/p>\n<\/div>\n<div class=\"clear\"><\/div>\n","protected":false},"excerpt":{"rendered":"<p>\u0130leti\u015fim Formu Kargo g\u00f6nderilerinizi anla\u015fmal\u0131 oldu\u011fumuz Aras Kargo ve Mng Kargo arac\u0131l\u0131\u011f\u0131 ile veya u\u00e7ak ve otob\u00fcs ile ula\u015ft\u0131rabilirsiniz. Adres: \u00a02823 Sokak No:1\/1 1. Sanayi Sitesi \u00a0Konak \/ \u0130ZM\u0130R Telefon:\u2026 <a href=\"http:\/\/turbobalansmakinesi.com\/?page_id=1348\" class=\"read-more-link\">read more &rarr;<\/a><\/p>\n","protected":false},"author":1,"featured_media":0,"parent":0,"menu_order":0,"comment_status":"closed","ping_status":"open","template":"page-fullwidth.php","meta":[],"_links":{"self":[{"href":"http:\/\/turbobalansmakinesi.com\/index.php?rest_route=\/wp\/v2\/pages\/1348"}],"collection":[{"href":"http:\/\/turbobalansmakinesi.com\/index.php?rest_route=\/wp\/v2\/pages"}],"about":[{"href":"http:\/\/turbobalansmakinesi.com\/index.php?rest_route=\/wp\/v2\/types\/page"}],"author":[{"embeddable":true,"href":"http:\/\/turbobalansmakinesi.com\/index.php?rest_route=\/wp\/v2\/users\/1"}],"replies":[{"embeddable":true,"href":"http:\/\/turbobalansmakinesi.com\/index.php?rest_route=%2Fwp%2Fv2%2Fcomments&post=1348"}],"version-history":[{"count":13,"href":"http:\/\/turbobalansmakinesi.com\/index.php?rest_route=\/wp\/v2\/pages\/1348\/revisions"}],"predecessor-version":[{"id":2541,"href":"http:\/\/turbobalansmakinesi.com\/index.php?rest_route=\/wp\/v2\/pages\/1348\/revisions\/2541"}],"wp:attachment":[{"href":"http:\/\/turbobalansmakinesi.com\/index.php?rest_route=%2Fwp%2Fv2%2Fmedia&parent=1348"}],"curies":[{"name":"wp","href":"https:\/\/api.w.org\/{rel}","templated":true}]}}